{"id":102,"date":"2017-07-15T02:06:40","date_gmt":"2017-07-15T02:06:40","guid":{"rendered":"http:\/\/localhost:8888\/wordpress\/?page_id=102"},"modified":"2024-03-13T22:22:12","modified_gmt":"2024-03-14T03:22:12","slug":"manuales-convivencia","status":"publish","type":"page","link":"https:\/\/tamarindos7cph.com\/index.php\/manuales-convivencia\/","title":{"rendered":"Leyes-C\u00f3digos-Manuales y Normas"},"content":{"rendered":"\t\t<div data-elementor-type=\"wp-page\" data-elementor-id=\"102\" class=\"elementor elementor-102\">\n\t\t\t\t\t\t<section class=\"elementor-section elementor-top-section elementor-element elementor-element-5d037a13 elementor-section-boxed elementor-section-height-default elementor-section-height-default\" data-id=\"5d037a13\" data-element_type=\"section\">\n\t\t\t\t\t\t<div class=\"elementor-container elementor-column-gap-default\">\n\t\t\t\t\t<div class=\"elementor-column elementor-col-100 elementor-top-column elementor-element elementor-element-6bdf8052\" data-id=\"6bdf8052\" data-element_type=\"column\">\n\t\t\t<div class=\"elementor-widget-wrap elementor-element-populated\">\n\t\t\t\t\t\t<div class=\"elementor-element elementor-element-59680861 elementor-widget elementor-widget-text-editor\" data-id=\"59680861\" data-element_type=\"widget\" data-widget_type=\"text-editor.default\">\n\t\t\t\t<div class=\"elementor-widget-container\">\n\t\t\t<style>\/*! elementor - v3.19.0 - 28-02-2024 *\/\n.elementor-widget-text-editor.elementor-drop-cap-view-stacked .elementor-drop-cap{background-color:#69727d;color:#fff}.elementor-widget-text-editor.elementor-drop-cap-view-framed .elementor-drop-cap{color:#69727d;border:3px solid;background-color:transparent}.elementor-widget-text-editor:not(.elementor-drop-cap-view-default) .elementor-drop-cap{margin-top:8px}.elementor-widget-text-editor:not(.elementor-drop-cap-view-default) .elementor-drop-cap-letter{width:1em;height:1em}.elementor-widget-text-editor .elementor-drop-cap{float:left;text-align:center;line-height:1;font-size:50px}.elementor-widget-text-editor .elementor-drop-cap-letter{display:inline-block}<\/style>\t\t\t\t<h1><strong>Leyes-C\u00f3digos-Manuales y Normas<br \/><\/strong><\/h1><p>Una sociedad se rige bajo \u00a0leyes, normas, estatutos y directrices, estas son fundamentales para mantener un orden y un proceder que garantice una convivencia sana y en paz. \u00a0<\/p><p>Los derechos comunales y sociales est\u00e1n por encima de mis derechos individuales.\u00a0<\/p><p>La m\u00e1xima autoridad es la Asamblea y en orden de jerarqu\u00eda esta el Consejo y el Administrador quien obra como representante legal de la figura jur\u00eddica de la Agrupaci\u00f3n.<\/p><p><a href=\"https:\/\/tamarindos7cph.com\/wp-content\/uploads\/2024\/01\/Slide1.gif\" target=\"_blank\" rel=\"noopener\">Organigrama &#8211; Jerarquia<\/a><\/p><p><a href=\"https:\/\/tamarindos7cph.com\/wp-content\/uploads\/2024\/01\/LY067501.pdf\">Propiedad Horizontal &#8211; Ley 675 de 2001<\/a><\/p><p><a href=\"https:\/\/tamarindos7cph.com\/index.php\/manual-convicencia\/\">Manual de Convivencia:<\/a><\/p><p>C\u00f3digo Nacional de Policia y Convivencia Ciudadana &#8211; 2017<\/p><p><a href=\"https:\/\/tamarindos7cph.com\/wp-content\/uploads\/2024\/01\/Multas-del-nuevo-Codigo-de-Policia-sobre-las-mascotas-\u00bfCuanto-valen.pdf\">Mascotas &#8211; Multas y Sanciones<\/a>\u00a0<\/p>\t\t\t\t\t\t<\/div>\n\t\t\t\t<\/div>\n\t\t\t\t\t<\/div>\n\t\t<\/div>\n\t\t\t\t\t<\/div>\n\t\t<\/section>\n\t\t<div class=\"elementor-element elementor-element-09e6f60 e-flex e-con-boxed e-con e-parent\" data-id=\"09e6f60\" data-element_type=\"container\" data-settings=\"{&quot;content_width&quot;:&quot;boxed&quot;}\" data-core-v316-plus=\"true\">\n\t\t\t\t\t<div class=\"e-con-inner\">\n\t\t\t\t\t<\/div>\n\t\t\t\t<\/div>\n\t\t\t\t<\/div>\n\t\t","protected":false},"excerpt":{"rendered":"<p>Leyes-C\u00f3digos-Manuales y Normas Una sociedad se rige bajo \u00a0leyes, normas, estatutos y directrices, estas son fundamentales para mantener un orden y un proceder que garantice una convivencia sana y en paz. \u00a0 Los derechos comunales y sociales est\u00e1n por encima de mis derechos individuales.\u00a0 La m\u00e1xima autoridad es la Asamblea y en orden de jerarqu\u00eda [&hellip;]<\/p>\n","protected":false},"author":2,"featured_media":0,"parent":0,"menu_order":0,"comment_status":"closed","ping_status":"closed","template":"elementor_header_footer","meta":{"footnotes":""},"_links":{"self":[{"href":"https:\/\/tamarindos7cph.com\/index.php\/wp-json\/wp\/v2\/pages\/102"}],"collection":[{"href":"https:\/\/tamarindos7cph.com\/index.php\/wp-json\/wp\/v2\/pages"}],"about":[{"href":"https:\/\/tamarindos7cph.com\/index.php\/wp-json\/wp\/v2\/types\/page"}],"author":[{"embeddable":true,"href":"https:\/\/tamarindos7cph.com\/index.php\/wp-json\/wp\/v2\/users\/2"}],"replies":[{"embeddable":true,"href":"https:\/\/tamarindos7cph.com\/index.php\/wp-json\/wp\/v2\/comments?post=102"}],"version-history":[{"count":44,"href":"https:\/\/tamarindos7cph.com\/index.php\/wp-json\/wp\/v2\/pages\/102\/revisions"}],"predecessor-version":[{"id":664,"href":"https:\/\/tamarindos7cph.com\/index.php\/wp-json\/wp\/v2\/pages\/102\/revisions\/664"}],"wp:attachment":[{"href":"https:\/\/tamarindos7cph.com\/index.php\/wp-json\/wp\/v2\/media?parent=102"}],"curies":[{"name":"wp","href":"https:\/\/api.w.org\/{rel}","templated":true}]}}